f a multiple of 8?
True
Let o = 63 + -13. Is 21 a factor of ((-75)/o)/((-1)/84)?
True
Suppose 7*u = 11 - 46. Let x = 45 + u. Does 7 divide x?
False
Suppose 0 = 5*g - 2*c - 1001, 0*c - 8 = -4*c. Does 34 divide g?
False
Suppose -13*k - 47 = -12*k. Let h(l) = l**3 + 8*l**2 - 2*l - 9. Let y be h(-6). Let m = y + k. Is m a multiple of 28?
True
Suppose 134 = -2*q - r + 11, -216 = 4*q - 4*r. Let u = 105 + q. Let i = -22 + u. Does 10 divide i?
False
Let c(t) be the third derivative of t**6/120 + t**5/5 + t**4/6 + t**3/6 + 8*t**2. Is c(-11) a multiple of 13?
True
Let o(u) = u + 12. Let x be o(-5). Suppose 0 = -14*w + 4*w + 350. Let d = w + x. Is 21 a factor of d?
True
Let t(x) = -10*x + 37. Let k be t(9). Let c = k - -95. Is c a multiple of 14?
True
Suppose 3*c = 9*c - 24. Let z be 0/(-1 - (0 + -3)). Suppose y = -c*q + 30, z = y - 6*y + 2*q + 150. Is 10 a factor of y?
True
Let o be 3*(-3)/(-9) - -773. Suppose 0 = -7*m + 4*m + o. Let d = -183 + m. Is d a multiple of 13?
False
Suppose 14*u - 29889 = -13*u. Is 17 a factor of u?
False
Is ((-48)/(-8))/((-2)/(-66)) a multiple of 11?
True
Suppose -10*o = -17*o + 14. Suppose 5*v = -o*v + 1421. Is v a multiple of 29?
True
Suppose 2*c - 469 = 129. Suppose -845 = -21*s - c. Is 26 a factor of s?
True
Is (6/5)/(4/(-2520)*-3) a multiple of 18?
True
Let l = 5682 + -3858. Does 12 divide l?
True
Let z be (-96)/(-60) + (-4)/(-10). Suppose 5*q + 2*x = 581, 20 = z*q - 2*x - 218. Does 15 divide q?
False
Let i = 1 - -1. Suppose -i*o = -3*o. Suppose -3*c + 5*z + 38 = o, -4*c = -0*c + 3*z - 70. Is 14 a factor of c?
False
Suppose 1096 = 469*g - 461*g. Is g even?
False
Let w(m) = m**2 + m + 101. Let z be w(0). Suppose -s - 88 = -z. Is s a multiple of 3?
False
Let b = 1063 + -587. Does 68 divide b?
True
Let y = 1215 - 1710. Let o(a) = a - 3. Let d be o(6). Does 11 divide (2/d)/((-10)/y)?
True
Let j(g) = -g**3 + 17*g**2 - g - 28. Is j(15) even?
False
Let r = 16 + -14. Let o(v) = -15*v + 2 + r*v + 3*v. Is 14 a factor of o(-2)?
False
Let h(j) = j + 2. Let n be h(-8). Let g be n/(267/258 - 1). Let w = -112 - g. Does 15 divide w?
True
Let h(a) = a**3 + 11 + 7 + 4*a**2 - 16*a**2 - 2*a. Let n be h(12). Is 3 a factor of -22*(n/3)/4?
False
Let c(a) = a**3 - 2*a**2 + 2*a - 2. Suppose -5*f + 3 + 7 = 0. Let m be c(f). Suppose m*u = 8*u - 72. Is u a multiple of 10?
False
Let s be (-10)/(-25)*5 + 9. Suppose s*z = 4*z + 700. Is 20 a factor of z?
True
Let g = -43 - -45. Suppose 2*p - 3*c - 220 = 0, -p - 4*c = -g*c - 96. Does 26 divide p?
True
Let k(d) be the first derivative of 15*d**4/4 - d**3/3 + d**2/2 - 10. Does 6 divide k(1)?
False
Let v(z) = 3*z - 9 - 4*z + 4*z. Is v(7) a multiple of 12?
True
Suppose -q + 5*p - 4 = 0, -2*q + 3*p + 6 = -0*p. Suppose -q = -t + 2. Suppose 4*k = 12 + t. Does 5 divide k?
True
Let h = 16 - 12. Suppose 2*f = -2*p + 364, -h*f = p - 122 - 60. Is 13 a factor of p?
True
Suppose a = -0*v - v - 3, -27 = -v + 5*a. Suppose 4*q - 212 = -0*z - 3*z, -106 = -v*q + 2*z. Does 21 divide q?
False
Let d = -17 + 19. Suppose -r + 12 = 4*r + d*j, 4*r + 5*j = 13. Suppose -5*y = -r*f - 75, -15 = 3*y - 4*y + 2*f. Is y a multiple of 15?
True
Is (332 - 2 - -1) + 12/3 a multiple of 67?
True
Let f = -50 - -55. Suppose -d + 145 = -f*j, d + 3*d = -2*j + 668. Is 13 a factor of d?
False
Let k(f) = f - 4. Let n be k(10). Is 3/n*4 + 10 a multiple of 12?
True
Let f be 4/16*2*0. Let w(r) = -2*r**2 - 4 - 9*r - 2 + 3*r**2 + f. Is 21 a factor of w(13)?
False
Is 29 a factor of (((-14)/(-3))/7)/(2/14241)?
False
Suppose -263 + 86 = -3*a - 3*r, 5*a = 4*r + 277. Let j = 94 - a. Is 4 a factor of j?
False
Let j(n) = 5*n**3 - 18*n**2 + 11*n - 13. Let w(r) = -r**3 + r**2 + r + 1. Let f be (2 - -2)*1/4. Let d(b) = f*j(b) + 4*w(b). Is 6 a factor of d(13)?
False
Let m be 1/(-2)*(0 - 0)/(-6). Suppose -4*j + m*n = -2*n - 660, 5*n - 855 = -5*j. Is j a multiple of 42?
False
Suppose 0 = -k - 4*p + 2822, -61*p + 20 = -56*p. Is 61 a factor of k?
True
Let b = -571 - -939. Does 16 divide b?
True
Let j = -68 - -70. Suppose -4*p - 5*s - 197 = -501, s - 158 = -j*p. Is p a multiple of 5?
False
Let p be -3*(60/9)/(-4). Does 5 divide (-13)/65 - (-166)/p?
False
Let o = 306 + -320. Let l be (3/6)/((-1)/(-76)). Let n = o + l. Is n a multiple of 8?
True
Let l(p) = -28*p**2 + 8*p. Let z be l(4). Let i = -206 - z. Is 14 a factor of i?
True
Let r = -1683 + 3075. Is 116 a factor of r?
True
Let j = 510 - 420. Is 18 a factor of j?
True
Suppose 6*a - 20*a + 980 = 0. Does 11 divide 3590/a - 4/14?
False
Let q be 8/(-24) - (-187)/3. Suppose d = -v - d + q, -2*d + 166 = 3*v. Does 13 divide v?
True
Suppose 2 = -x + 4. Suppose -1 = x*u - 181. Does 30 divide u?
True
Let v(s) = 2*s**2 - 3*s + 16. Does 10 divide v(6)?
True
Let m(t) = t + 10. Let p be m(-12). Is 37 a factor of 1 + 4 + p - -256?
True
Let c = -11 + 8. Let i be c*((-7)/(-3) + 3). Is 6/4 + (-776)/i a multiple of 28?
False
Let o(x) be the third derivative of 7*x**4/24 - 2*x**3 + 2*x**2 + 12*x. Is 30 a factor of o(6)?
True
Suppose 0 = 29*q - 30*q + 1378. Does 13 divide q?
True
Let v = 3085 - 1165. Does 40 divide v?
True
Let k = -13 - -10. Let m be (4 - 7)/(k/(-21)). Let p = m + 85. Does 16 divide p?
True
Suppose d - 4 = -d. Suppose -445 = -3*y - d*y. Does 11 divide y?
False
Let m(t) = 2*t**2 + 2*t - 24. Is m(-12) a multiple of 16?
True
Suppose -2*l = 2*l - 72. Let i be 4/(12/9) + l. Let u = i + -2. Is u a multiple of 18?
False
Suppose -2*g - 5*y = -415, -821 = -3*g - 4*y - 216. Does 65 divide g?
True
Suppose -66*q + 23*q = -24682. Does 82 divide q?
True
Let g(y) = 5*y**2 + 4*y + 2. Let h be g(-2). Suppose 31 = t - h. Let l = t - 32. Does 13 divide l?
True
Let g(d) = 25*d**2 - 3*d. Let j be g(-3). Suppose 0*y = -6*y + j. Is 13 a factor of y?
True
Let o(y) = -y - 16. Let w be o(-16). Is 41 - w - (1 + 0) - 2 a multiple of 9?
False
Let x = 10 - 6. Let d be -3*((-4)/12 - -1). Let y = x - d. Is y a multiple of 2?
True
Let f(j) = -j**3 + 6*j**2 + 8*j - 7. Let u(z) = z**2 - 9. Let w be u(-4). Let y be f(w). Suppose y = -3*r - 2*r + 330. Is r a multiple of 14?
False
Suppose 2*m = 2*q + 16, 0 = 2*m - m - 5*q - 8. Let j(a) = a - 1. Let o be j(m). Does 12 divide 4 + -2 + o + 49?
False
Is (26280/(-50))/((-48)/(-30) + -2) a multiple of 31?
False
Let k = 2932 - -145. Is k a multiple of 14?
False
Let l(c) = 4*c**2 - 9*c + 7. Let s be l(6). Suppose -s - 238 = -5*j. Does 6 divide j?
False
Let b = -956 + 1735. Suppose 231 = -4*z + b. Does 40 divide z?
False
Let n = 45 - 78. Let u = n - -76. Let w = u + 5. Does 12 divide w?
True
Let p be ((-9)/6)/((45/(-24))/(-5)). Let a(z) = 2*z**2 - z + 10. Does 6 divide a(p)?
False
Let v(b) = -70*b**3 + 2*b**2 + 3*b + 2. Let d be v(-1). Suppose 8*q - 57 - d = 0. Does 7 divide q?
False
Suppose 0 = -g + 2*g - 5. Let l(v) = 4*v**2 - 6*v - 5. Let w be l(g). Suppose w + 60 = 5*b - x, 5*x = 25. Is b a multiple of 5?
False
Let f(l) = l**2 - 7*l - 16. Suppose -2*r - 40 = -4*r. Suppose 4*o = -4, -6 = -2*h + 4*o + r. Does 9 divide f(h)?
False
Suppose -3216 - 4336 = -4*z. Is 42 a factor of z?
False
Suppose 4 = 4*f - 36. Let a = f - -45. Is 11 a factor of a?
True
Suppose 5*f = 98 + 12. Let i = f + -1. Let h = 70 - i. Does 18 divide h?
False
Let g(m) = 7*m**3 + 7*m**2 + 6*m - 3. Let u be g(-4). Let r = -245 - u. Suppose -2*j = -22 - r. Does 14 divide j?
True
Suppose -4*l = -4*c + 3*c - 3, -3*l = -5*c + 19. Let z(f) = -f**2 + 6*f - 2. Is z(c) even?
False
Suppose -3*q - 5*l + 1389 = 0, 20*l = 5*q + 24*l - 2328. Is 12 a factor of q?
True
Let o = 220 - 90. Does 100 divide o?
False
Does 24 divide (-144)/(-96)*-670*1/(-3)?
False
Suppose -8*s + 13*s = 0. Let l = s + 0. Suppose 5*q = -5*t - l*q + 35, 0 = -2*t - 3*q + 14. Is 7 a factor of t?
True
Let i be (-74)/8 - (-2)/8. Does 3 divide i*(2 - 6 - -3)?
True
Let w = -16 + 13. Let k be (69/6)/(w/(-12)). Is 8 a factor of (-13)/(-39) + k/6?
True
Suppose -s = -5*d - 21, 5*d - d = -16. Let q(u) = 3*u**2 + 2*u - 1. Let k be q(s). Suppose 9 = y + k*o - 10, 89 = 4*y + 3*o. Does 6 divide y?
False
Let w = -22 - -26. Suppose w*v = -6*v + 390. Is v a multiple of 19?
False
Suppose 3*f = -m - 3, -m + 6*m - 3 = 3*f. Suppose -2*j + 132 + 20 = m. Is 4 a factor of j?
True
Suppose -3*k + 312 = -411. Does 33 divide k?
False
Let a be (-6)/(-1 + (0 - 1)). Suppose a = w - 2. Suppose -3*z + 2*c + 2*c + 30 = 0,